nvert 12 (base 10) to base 11.
11
-5 (base 8) to base 7
-5
1 (base 9) to base 6
1
Convert 10 (base 4) to base 9.
4
-e (base 16) to base 3
-112
Convert -6 (base 15) to base 13.
-6
Convert -2 (base 11) to base 2.
-10
Convert 3 (base 10) to base 12.
3
Convert -5 (base 7) to base 14.
-5
Convert -7 (base 10) to base 5.
-12
2 (base 7) to base 2
10
Convert -115 (base 11) to base 8.
-211
Convert -5 (base 16) to base 5.
-10
What is -14 (base 5) in base 12?
-9
Convert 13 (base 13) to base 7.
22
Convert -10 (base 8) to base 2.
-1000
Convert 32 (base 7) to base 2.
10111
What is 126 (base 13) in base 14?
105
Convert 9 (base 13) to base 11.
9
19a (base 16) to base 8
632
Convert -4 (base 16) to base 9.
-4
Convert 10 (base 9) to base 7.
12
What is -10 (base 3) in base 15?
-3
Convert -3 (base 10) to base 3.
-10
110 (base 2) to base 3
20
10 (base 5) to base 13
5
-1 (base 9) to base 12
-1
What is 1 (base 6) in base 2?
1
-12 (base 5) to base 13
-7
What is 1010 (base 2) in base 4?
22
Convert 56 (base 8) to base 9.
51
What is 20 (base 10) in base 7?
26
Convert 12 (base 5) to base 4.
13
What is 30 (base 15) in base 9?
50
5c (base 15) to base 10
87
Convert -1 (base 16) to base 9.
-1
What is -a3 (base 13) in base 9?
-157
What is -158 (base 9) in base 7?
-251
What is 56 (base 13) in base 3?
2122
What is 2 (base 8) in base 6?
2
Convert -30 (base 7) to base 8.
-25
Convert 10 (base 8) to base 16.
8
45 (base 15) to base 6
145
Convert -3 (base 15) to base 7.
-3
Convert -2 (base 9) to base 10.
-2
-2 (base 15) to base 13
-2
Convert -2 (base 16) to base 9.
-2
What is -1000 (base 4) in base 3?
-2101
What is 221 (base 6) in base 9?
104
What is 310 (base 5) in base 12?
68
What is -105 (base 9) in base 15?
-5b
Convert 60 (base 7) to base 8.
52
Convert -107 (base 13) to base 10.
-176
What is -10 (base 3) in base 15?
-3
What is 0 (base 2) in base 13?
0
29 (base 12) to base 3
1020
What is -29 (base 10) in base 9?
-32
Convert 200 (base 7) to base 15.
68
Convert -22 (base 4) to base 16.
-a
What is 5 (base 12) in base 7?
5
Convert 3 (base 8) to base 3.
10
-1 (base 16) to base 14
-1
bb (base 13) to base 2
10011010
Convert -15 (base 6) to base 11.
-10
What is 120 (base 4) in base 9?
26
Convert 1b (base 16) to base 15.
1c
b6 (base 12) to base 9
163
What is -55 (base 9) in base 4?
-302
What is 2 (base 13) in base 10?
2
0 (base 7) to base 6
0
Convert a (base 16) to base 14.
a
-9 (base 12) to base 9
-10
-2c (base 14) to base 7
-55
What is -25 (base 9) in base 15?
-18
3 (base 15) to base 11
3
-2 (base 4) to base 3
-2
-23 (base 7) to base 3
-122
Convert 20122 (base 3) to base 16.
b3
13 (base 6) to base 15
9
What is 201 (base 4) in base 14?
25
-32 (base 9) to base 16
-1d
Convert 203 (base 5) to base 9.
58
What is -184 (base 10) in base 13?
-112
Convert 33 (base 8) to base 6.
43
20 (base 13) to base 7
35
Convert 111 (base 8) to base 4.
1021
Convert 28 (base 10) to base 2.
11100
What is -3 (base 10) in base 9?
-3
What is -5 (base 16) in base 15?
-5
Convert -96 (base 10) to base 14.
-6c
What is -11111011 (base 2) in base 11?
-209
0 (base 13) to base 14
0
What is 12 (base 3) in base 4?
11
7 (base 11) to base 16
7
What is 11001 (base 2) in base 4?
121
What is -104 (base 15) in base 2?
-11100101
Convert -116 (base 7) to base 9.
-68
What is -101010 (base 2) in base 16?
-2a
What is 0 (base 9) in base 14?
0
What is -6 (base 9) in base 6?
-10
-1 (base 11) to base 13
-1
-2a (base 13) to base 14
-28
Convert 1 (base 6) to base 2.
1
What is -2 (base 10) in base 7?
-2
Convert 2 (base 6) to base 11.
2
Convert 1021 (base 6) to base 8.
345
Convert -2210 (base 4) to base 15.
-ae
12200 (base 3) to base 10
153
Convert 0 (base 2) to base 3.
0
Convert 4 (base 7) to base 11.
4
-5 (base 8) to base 13
-5
64 (base 11) to base 5
240
-8 (base 10) to base 14
-8
11023 (base 4) to base 14
199
9 (base 12) to base 4
21
What is -7 (base 15) in base 14?
-7
-1101 (base 2) to base 11
-12
What is 10d (base 16) in base 14?
153
What is 110 (base 4) in base 2?
10100
What is -9 (base 10) in base 15?
-9
What is 5 (base 12) in base 3?
12
31 (base 4) to base 9
14
Convert -16 (base 7) to base 11.
-12
What is -f (base 16) in base 12?
-13
Convert 23 (base 14) to base 16.
1f
What is -215 (base 8) in base 3?
-12020
-5 (base 11) to base 13
-5
Convert 3 (base 11) to base 3.
10
Convert 1101 (base 2) to base 6.
21
-57 (base 8) to base 5
-142
Convert -10111 (base 2) to base 14.
-19
-1 (base 7) to base 8
-1
-201 (base 3) to base 15
-14
What is 15 (base 15) in base 9?
22
What is 176 (base 14) in base 11?
253
Convert 6 (base 12) to base 14.
6
Convert 6 (base 7) to base 16.
6
-20 (base 3) to base 9
-6
Convert -54 (base 12) to base 16.
-40
What is 4 (base 9) in base 11?
4
What is 11 (base 4) in base 2?
101
What is -41 (base 15) in base 5?
-221
-25 (base 9) to base 5
-43
Convert 0 (base 16) to base 15.
0
Convert 62 (base 8) to base 5.
200
What is -9b (base 12) in base 9?
-142
Convert -433 (base 7) to base 2.
-11011100
12 (base 3) to base 10
5
What is 56 (base 11) in base 6?
141
Convert -27 (base 11) to base 13.
-23
What is 10 (base 2) in base 9?
2
Convert -c (base 14) to base 10.
-12
1010001 (base 2) to base 6
213
Convert 20 (base 4) to base 8.
10
64 (base 8) to base 10
52
Convert 6 (base 9) to base 5.
11
What is -38 (base 12) in base 14?
-32
What is 4 (base 9) in base 11?
4
Convert -b (base 16) to base 12.
-b
0 (base 5) to base 16
0
What is 121 (base 3) in base 5?
31
What is 121 (base 14) in base 12?
169
What is 113 (base 6) in base 3?
1200
Convert a (base 11) to base 14.
a
-2 (base 4) to base 5
-2
Convert -50 (base 7) to base 13.
-29
29 (base 14) to base 9
41
Convert 4 (base 7) to base 15.
4
Convert 4 (base 10) to base 8.
4
Convert -255 (base 12) to base 6.
-1345
What is 94 (base 16) in base 3?
12111
-1a (base 14) to base 9
-26
Convert 110 (base 2) to base 9.
6
Convert -3 (base 11) to base 16.
-3
What is -1 (base 16) in base 13?
-1
211 (base 3) to base 14
18
4 (base 13) to base 9
4
-9 (base 12) to base 9
-10
Convert -73 (base 13) to base 11.
-86
13 (base 6) to base 14
9
Convert -a (base 11) to base 14.
-a
Convert 141 (base 5) to base 3.
1201
-c (base 14) to base 16
-c
What is -5 (base 11) in base 14?
-5
Convert -103 (base 5) to base 16.
-1c
-100001001 (base 2) to base 7
-526
0 (base 9) to base 2
0
What is -3 (base 4) in base 15?
-3
Convert 10 (base 5) to base 3.
12
What is -10 (base 9) in base 5?
-14
-105 (base 8) to base 4
-1011
Convert -11 (base 4) to base 5.
-10
Convert 57 (base 14) to base 16.
4d
-2 (base 14) to base 3
-2
-111 (base 2) to base 5
-12
-23 (base 6) to base 16
-f
What is -4b (base 16) in base 15?
-50
What is -2 (base 6) in base 7?
-2
-53 (base 7) to base 14
-2a
Convert -b9 (base 14) to base 2.
-10100011
Convert 1 (base 15) to base 13.
1
What is 1 (base 14) in base 6?
1
What is 10 (base 7) in base 5?
12
12 (base 14) to base 16
10
What is -203 (base 6) in base 12?
-63
What is -112 (base 13) in base 14?
-d2
What is -21 (base 3) in base 13?
-7
Convert 30 (base 16) to base 10.
48
What is 122 (base 3) in base 13?
14
8 (base 9) to base 5
13
Convert -1 (base 4) to base 2.
-1
Convert -7 (base 12) to base 4.
-13
What is 17 (base 16) in base 9?
25
Convert -2 (base 15) to base 5.
-2
What is 3 (base 9) in base 7?
3
What is -8 (base 12) in base 7?
-11
What is 221 (base 13) in base 3?
111112
27 (base 15) to base 10
37
-1 (base 5) to base 11
-1
What is -2 (base 5) in base 10?
-2
-100 (base 3) to base 7
-12
1a (base 13) to base 3
212
Convert 124 (base 14) to base 11.
198
What is 2a (base 13) in base 15?
26
What is 11 (base 4) in base 15?
5
-121 (base 12) to base 13
-100
Convert -2 (base 6) to base 3.
-2
What is b (base 13) in base 15?
b
Convert -20 (base 9) to base 10.
-18
Convert -2 (base 16) to base 14.
-2
What is 2 (base 9) in base 14?
2
Convert -101 (base 2) to base 10.
-5
Convert -133 (base 10) to base 2.
-10000101
Convert -33 (base 5) to base 14.
-14
What is 2 (base 6) in base 4?
2
Convert -23 (base 8) to base 15.
-14
Convert -240 (base 7) to base 3.
-11200
-3 (base 9) to base 8
-3
What is 5 (base 16) in base 2?
101
77 (base 10) to base 7
140
Convert -135 (base 9) to base 16.
-71
What is -29 (base 16) in base 13?
-32
-322 (base 6) to base 16
-7a
What is -33 (base 5) in base 15?
-13
-8 (base 9) to base 15
-8
Convert -a (base 15) to base 10.
-10